{"id":73,"date":"2024-11-20T22:26:45","date_gmt":"2024-11-20T21:26:45","guid":{"rendered":"https:\/\/achim-fuerniss.de\/?page_id=73"},"modified":"2024-11-30T09:11:50","modified_gmt":"2024-11-30T08:11:50","slug":"aktivitaeten","status":"publish","type":"page","link":"https:\/\/achim-fuerniss.de\/index.php\/das-bin-ich\/aktivitaeten\/","title":{"rendered":"Aktivit\u00e4ten"},"content":{"rendered":"\n<h1 class=\"wp-block-heading\">Backnanger S\u00e4ngerhaufen<\/h1>\n\n\n\n<p class=\"wp-block-paragraph\">Seit vielen Jahren singe ich nun schon im Chor &#8211; und ohne den S\u00e4ngerhaufen w\u00fcrde mir etwas fehlen. Von Klassik bis Pop, Swing oder Brahms, die Mischung macht es. Dazu gibt es immer wieder neue Herausforderungen beim n\u00e4chsten Konzert. Am sch\u00f6nsten sind immer die Chorwochenenden und die Gemeinschaft im Chor. Mehr dazu findest du auf der Hompage des <a href=\"https:\/\/backnanger-saengerhaufen.de\" data-type=\"link\" data-id=\"https:\/\/backnanger-saengerhaufen.de\" target=\"_blank\" rel=\"noreferrer noopener\">Backanger S\u00e4ngerhaufens hier&#8230;<\/a><\/p>\n\n\n\n<figure class=\"wp-block-image size-full\"><img loading=\"lazy\" decoding=\"async\" width=\"800\" height=\"600\" src=\"https:\/\/achim-fuerniss.de\/wp-content\/uploads\/2024\/11\/Kapfenburg_0513_191.jpg\" alt=\"\" class=\"wp-image-28\" title=\"\" srcset=\"https:\/\/achim-fuerniss.de\/wp-content\/uploads\/2024\/11\/Kapfenburg_0513_191.jpg 800w, https:\/\/achim-fuerniss.de\/wp-content\/uploads\/2024\/11\/Kapfenburg_0513_191-300x225.jpg 300w, https:\/\/achim-fuerniss.de\/wp-content\/uploads\/2024\/11\/Kapfenburg_0513_191-768x576.jpg 768w\" sizes=\"auto, (max-width: 767px) 89vw, (max-width: 1000px) 54vw, (max-width: 1071px) 543px, 580px\" \/><\/figure>\n\n\n\n<h1 class=\"wp-block-heading\">Irish Folk<\/h1>\n\n\n\n<p class=\"wp-block-paragraph\">Einmal im Monat treffe ich mich mit Freunden und mache Musik. Dabei haben wir schon manches ausprobiert, American Folksongs, klassische Lagerfeuerlieder, deutsche Volkslieder oder internationale Folklore &#8211; immer wieder sind wir bei der irischen Musik gelandet. Die herrlichen Melodien mit ihren witzig bis melancholischen Texten, die besondere Instrumentierung, das Feeling und manche Urlaubserinnerungen fangen uns jedes Mal ein. Zwar sind wir keine Profis, aber bei Konzerten ist der Saal meistens voll. Wenn du mehr \u00fcber uns wissen willst, dann klicke einfach hier&#8230;<\/p>\n\n\n\n<figure class=\"wp-block-image size-large\"><img loading=\"lazy\" decoding=\"async\" width=\"1024\" height=\"768\" src=\"https:\/\/achim-fuerniss.de\/wp-content\/uploads\/2024\/11\/P1180787-1024x768.jpg\" alt=\"\" class=\"wp-image-26\" title=\"\" srcset=\"https:\/\/achim-fuerniss.de\/wp-content\/uploads\/2024\/11\/P1180787-1024x768.jpg 1024w, https:\/\/achim-fuerniss.de\/wp-content\/uploads\/2024\/11\/P1180787-300x225.jpg 300w, https:\/\/achim-fuerniss.de\/wp-content\/uploads\/2024\/11\/P1180787-768x576.jpg 768w, https:\/\/achim-fuerniss.de\/wp-content\/uploads\/2024\/11\/P1180787-1536x1152.jpg 1536w, https:\/\/achim-fuerniss.de\/wp-content\/uploads\/2024\/11\/P1180787-2048x1536.jpg 2048w\" sizes=\"auto, (max-width: 767px) 89vw, (max-width: 1000px) 54vw, (max-width: 1071px) 543px, 580px\" \/><\/figure>\n\n\n\n<h1 class=\"wp-block-heading\">Fotografie<\/h1>\n\n\n\n<p class=\"wp-block-paragraph\">Schon seit fr\u00fchen Jugendjahren liebe ich das Fotografieren. Neben Naturbildern und Landschaften sind es vor allem Fotos von Geb\u00e4uden, die mich reizen. Architektur in Bilder einzufangen ist f\u00fcr mich immer wieder eine neue Herausforderung. Hunderte Bilder von Kirchen, Kl\u00f6stern, St\u00e4dten, Burgen finden sich in meinem Archiv. Eine kleine Auswahl davon finden Sie <a href=\"file:\/\/\/home\/privat\/Nextcloud\/Einordnen\/1_Achim\/F%C3%BCrniss\/external.html?link=http:\/\/panopticum.zehn5.de\/index.php?id=2\" target=\"_blank\" rel=\"noreferrer noopener\">\u00a0 i<\/a><a href=\"https:\/\/edition.zehn5.de\" target=\"_blank\" rel=\"noreferrer noopener\">n meinem Panopticum&#8230;<\/a><\/p>\n\n\n\n<p class=\"wp-block-paragraph\"><\/p>\n","protected":false},"excerpt":{"rendered":"<p>Backnanger S\u00e4ngerhaufen Seit vielen Jahren singe ich nun schon im Chor &#8211; und ohne den S\u00e4ngerhaufen w\u00fcrde mir etwas fehlen. Von Klassik bis Pop, Swing oder Brahms, die Mischung macht es. Dazu gibt es immer wieder neue Herausforderungen beim n\u00e4chsten Konzert. Am sch\u00f6nsten sind immer die Chorwochenenden und die Gemeinschaft im Chor. Mehr dazu findest &hellip; <\/p>\n<p class=\"link-more\"><a href=\"https:\/\/achim-fuerniss.de\/index.php\/das-bin-ich\/aktivitaeten\/\" class=\"more-link\"><span class=\"screen-reader-text\">\u201eAktivit\u00e4ten\u201c<\/span> weiterlesen<\/a><\/p>\n","protected":false},"author":3,"featured_media":0,"parent":70,"menu_order":1,"comment_status":"closed","ping_status":"closed","template":"","meta":{"footnotes":""},"class_list":["post-73","page","type-page","status-publish","hentry"],"_links":{"self":[{"href":"https:\/\/achim-fuerniss.de\/index.php\/wp-json\/wp\/v2\/pages\/73","targetHints":{"allow":["GET"]}}],"collection":[{"href":"https:\/\/achim-fuerniss.de\/index.php\/wp-json\/wp\/v2\/pages"}],"about":[{"href":"https:\/\/achim-fuerniss.de\/index.php\/wp-json\/wp\/v2\/types\/page"}],"author":[{"embeddable":true,"href":"https:\/\/achim-fuerniss.de\/index.php\/wp-json\/wp\/v2\/users\/3"}],"replies":[{"embeddable":true,"href":"https:\/\/achim-fuerniss.de\/index.php\/wp-json\/wp\/v2\/comments?post=73"}],"version-history":[{"count":3,"href":"https:\/\/achim-fuerniss.de\/index.php\/wp-json\/wp\/v2\/pages\/73\/revisions"}],"predecessor-version":[{"id":144,"href":"https:\/\/achim-fuerniss.de\/index.php\/wp-json\/wp\/v2\/pages\/73\/revisions\/144"}],"up":[{"embeddable":true,"href":"https:\/\/achim-fuerniss.de\/index.php\/wp-json\/wp\/v2\/pages\/70"}],"wp:attachment":[{"href":"https:\/\/achim-fuerniss.de\/index.php\/wp-json\/wp\/v2\/media?parent=73"}],"curies":[{"name":"wp","href":"https:\/\/api.w.org\/{rel}","templated":true}]}}

Aktivitäten

<h1 class="wp-block-heading">Backnanger Sängerhaufen</h1>



<p class="wp-block-paragraph">Seit vielen Jahren singe ich nun schon im Chor &#8211; und ohne den Sängerhaufen würde mir etwas fehlen. Von Klassik bis Pop, Swing oder Brahms, die Mischung macht es. Dazu gibt es immer wieder neue Herausforderungen beim nächsten Konzert. Am schönsten sind immer die Chorwochenenden und die Gemeinschaft im Chor. Mehr dazu findest du auf der Hompage des <a href="https://backnanger-saengerhaufen.de" data-type="link" data-id="https://backnanger-saengerhaufen.de" target="_blank" rel="noreferrer noopener">Backanger Sängerhaufens hier&#8230;</a></p>



<figure class="wp-block-image size-full"><img loading="lazy" decoding="async" width="800" height="600" src="https://achim-fuerniss.de/wp-content/uploads/2024/11/Kapfenburg_0513_191.jpg" alt="" class="wp-image-28" title="" srcset="https://achim-fuerniss.de/wp-content/uploads/2024/11/Kapfenburg_0513_191.jpg 800w, https://achim-fuerniss.de/wp-content/uploads/2024/11/Kapfenburg_0513_191-300x225.jpg 300w, https://achim-fuerniss.de/wp-content/uploads/2024/11/Kapfenburg_0513_191-768x576.jpg 768w" sizes="auto, (max-width: 767px) 89vw, (max-width: 1000px) 54vw, (max-width: 1071px) 543px, 580px" /></figure>



<h1 class="wp-block-heading">Irish Folk</h1>



<p class="wp-block-paragraph">Einmal im Monat treffe ich mich mit Freunden und mache Musik. Dabei haben wir schon manches ausprobiert, American Folksongs, klassische Lagerfeuerlieder, deutsche Volkslieder oder internationale Folklore &#8211; immer wieder sind wir bei der irischen Musik gelandet. Die herrlichen Melodien mit ihren witzig bis melancholischen Texten, die besondere Instrumentierung, das Feeling und manche Urlaubserinnerungen fangen uns jedes Mal ein. Zwar sind wir keine Profis, aber bei Konzerten ist der Saal meistens voll. Wenn du mehr über uns wissen willst, dann klicke einfach hier&#8230;</p>



<figure class="wp-block-image size-large"><img loading="lazy" decoding="async" width="1024" height="768" src="https://achim-fuerniss.de/wp-content/uploads/2024/11/P1180787-1024x768.jpg" alt="" class="wp-image-26" title="" srcset="https://achim-fuerniss.de/wp-content/uploads/2024/11/P1180787-1024x768.jpg 1024w, https://achim-fuerniss.de/wp-content/uploads/2024/11/P1180787-300x225.jpg 300w, https://achim-fuerniss.de/wp-content/uploads/2024/11/P1180787-768x576.jpg 768w, https://achim-fuerniss.de/wp-content/uploads/2024/11/P1180787-1536x1152.jpg 1536w, https://achim-fuerniss.de/wp-content/uploads/2024/11/P1180787-2048x1536.jpg 2048w" sizes="auto, (max-width: 767px) 89vw, (max-width: 1000px) 54vw, (max-width: 1071px) 543px, 580px" /></figure>



<h1 class="wp-block-heading">Fotografie</h1>



<p class="wp-block-paragraph">Schon seit frühen Jugendjahren liebe ich das Fotografieren. Neben Naturbildern und Landschaften sind es vor allem Fotos von Gebäuden, die mich reizen. Architektur in Bilder einzufangen ist für mich immer wieder eine neue Herausforderung. Hunderte Bilder von Kirchen, Klöstern, Städten, Burgen finden sich in meinem Archiv. Eine kleine Auswahl davon finden Sie <a href="file:///home/privat/Nextcloud/Einordnen/1_Achim/F%C3%BCrniss/external.html?link=http://panopticum.zehn5.de/index.php?id=2" target="_blank" rel="noreferrer noopener">  i</a><a href="https://edition.zehn5.de" target="_blank" rel="noreferrer noopener">n meinem Panopticum&#8230;</a></p>



<p class="wp-block-paragraph"></p>

<p>Backnanger Sängerhaufen Seit vielen Jahren singe ich nun schon im Chor &#8211; und ohne den Sängerhaufen würde mir etwas fehlen. Von Klassik bis Pop, Swing oder Brahms, die Mischung macht es. Dazu gibt es immer wieder neue Herausforderungen beim nächsten Konzert. Am schönsten sind immer die Chorwochenenden und die Gemeinschaft im Chor. Mehr dazu findest &hellip; </p>
<p class="link-more"><a href="https://achim-fuerniss.de/index.php/das-bin-ich/aktivitaeten/" class="more-link"><span class="screen-reader-text">„Aktivitäten“</span> weiterlesen</a></p>
