{"id":75,"date":"2024-11-20T22:21:41","date_gmt":"2024-11-20T21:21:41","guid":{"rendered":"https:\/\/achim-fuerniss.de\/?page_id=75"},"modified":"2024-12-01T15:08:21","modified_gmt":"2024-12-01T14:08:21","slug":"beruflich","status":"publish","type":"page","link":"https:\/\/achim-fuerniss.de\/index.php\/das-bin-ich\/beruflich\/","title":{"rendered":"Beruflich"},"content":{"rendered":"\n<h2 class=\"wp-block-heading\">Religionsunterricht<\/h2>\n\n\n\n<p class=\"wp-block-paragraph\">Seit 2009 unterrichte ich am Berufschulzentrum Backnang Evangelische Religion, derzeit an folgenden Schulen und Schularten:<\/p>\n\n\n\n<ul class=\"wp-block-list\">\n<li>Technisches Gymansium<\/li>\n\n\n\n<li>Zweij\u00e4hrige Berufsfachschule<\/li>\n\n\n\n<li>Berufsausbildung Metall und Farbe, KfZ und Nahrung<\/li>\n<\/ul>\n\n\n\n<ul class=\"wp-block-list\">\n<li>Wirtschaftsgymnasium<\/li>\n\n\n\n<li>Berufskolleg (Kaufm\u00e4nnisch)<\/li>\n\n\n\n<li>Berufsausbildung Verkauf und B\u00fcro<\/li>\n<\/ul>\n\n\n\n<p class=\"wp-block-paragraph\">Seit dem Sommer 2024 bin ich jedoch im Ruhestand und unterrichte nur noch ein paar Stunden an meiner Stamm-Schule.<\/p>\n\n\n\n<h2 class=\"wp-block-heading\">Pfarrdienst<\/h2>\n\n\n\n<figure class=\"wp-block-image size-full\"><img loading=\"lazy\" decoding=\"async\" width=\"356\" height=\"239\" src=\"https:\/\/achim-fuerniss.de\/wp-content\/uploads\/2024\/11\/osternacht.jpg\" alt=\"\" class=\"wp-image-27\" title=\"\" srcset=\"https:\/\/achim-fuerniss.de\/wp-content\/uploads\/2024\/11\/osternacht.jpg 356w, https:\/\/achim-fuerniss.de\/wp-content\/uploads\/2024\/11\/osternacht-300x201.jpg 300w\" sizes=\"auto, (max-width: 356px) 100vw, 356px\" \/><\/figure>\n\n\n\n<p class=\"wp-block-paragraph\">Die Evang. Matth\u00e4usgemeinde in Backnang ist seit vielen Jahren meine Heimat. Neben meinem fr\u00fcheren Dienst als Pfarrer an der Matth\u00e4uskirche (1993 &#8211; 2009) f\u00fchlen wir uns auch als Familie der Gemeinde sehr verbunden. Das aktive und offene Gemeindeleben sch\u00e4tzen wir ebenso wie die Verbundenheit mit vielen Gemeindegliedern.&nbsp;<\/p>\n\n\n\n<p class=\"wp-block-paragraph\">Mehr \u00fcber die Matth\u00e4usgemeinde erfahren Sie auf der <a href=\"file:\/\/\/home\/privat\/Nextcloud\/Einordnen\/1_Achim\/F%C3%BCrniss\/external.html?link=http:\/\/www.matthaeuskirche.de\/\" target=\"_blank\" rel=\"noreferrer noopener\">&nbsp;<\/a><a href=\"https:\/\/www.matthaeuskirche.de\/\" target=\"_blank\" rel=\"noreferrer noopener\">Homepage der Matth\u00e4uskirche<\/a>.<\/p>\n\n\n\n<h2 class=\"wp-block-heading\">\u00d6ffentlichkeitsarbeit<\/h2>\n\n\n\n<figure class=\"wp-block-image size-full\"><img loading=\"lazy\" decoding=\"async\" width=\"375\" height=\"212\" src=\"https:\/\/achim-fuerniss.de\/wp-content\/uploads\/2024\/11\/gep.jpg\" alt=\"\" class=\"wp-image-31\" title=\"\" srcset=\"https:\/\/achim-fuerniss.de\/wp-content\/uploads\/2024\/11\/gep.jpg 375w, https:\/\/achim-fuerniss.de\/wp-content\/uploads\/2024\/11\/gep-300x170.jpg 300w\" sizes=\"auto, (max-width: 375px) 100vw, 375px\" \/><\/figure>\n\n\n\n<p class=\"wp-block-paragraph\">Von 2001 bis 2003 besuchte ich den 16. Kurs des Fernstudiengangs \u00d6ffentlichkeitsarbeit des Gemeinschaftswerkes f\u00fcr Evangelische Publizisitik (<a href=\"https:\/\/www.gep.de\/\" target=\"_blank\" rel=\"noreferrer noopener\">\u00a0GEP<\/a>) in Frankfurt. Der Kurs endete mit der staatlichen Anerkennung als Kommunikationswirt (GEP) und qualifizierte mich f\u00fcr die kirchliche \u00d6ffentlichkeitsarbeit.<\/p>\n\n\n\n<h2 class=\"wp-block-heading\">Agentur<\/h2>\n\n\n\n<figure class=\"wp-block-image size-full\"><img loading=\"lazy\" decoding=\"async\" width=\"200\" height=\"192\" src=\"https:\/\/achim-fuerniss.de\/wp-content\/uploads\/2024\/11\/zehn5.jpg\" alt=\"\" class=\"wp-image-24\" title=\"\"\/><\/figure>\n\n\n\n<p class=\"wp-block-paragraph\">Seit 2004 leite ich zusammen mit meinem Freund und Partner G\u00fcnter Koschel die Agentur <a href=\"https:\/\/www.zehn5.de\/\" target=\"_blank\" rel=\"noreferrer noopener\">&nbsp;Zehn5<\/a>. Nebenberuflich und so wie es unsere Zeit erlaubt betreuen wir Kunden aus Kirche und Diakonie, Bildungseinrichtungen und kleinere Firmen, Privatmenschen oder Vereine. Dabei lag unser Schwerpunkt von Anfang an bei der Umsetzung von Internetauftritten, gelegentlich aber auch bei anderen Dienstleistungen der \u00d6ffentlichkeitsarbeit wie Printmedien, Anzeigen oder Begleitung von Kampagnen.<\/p>\n\n\n\n<p class=\"wp-block-paragraph\"><\/p>\n","protected":false},"excerpt":{"rendered":"<p>Religionsunterricht Seit 2009 unterrichte ich am Berufschulzentrum Backnang Evangelische Religion, derzeit an folgenden Schulen und Schularten: Seit dem Sommer 2024 bin ich jedoch im Ruhestand und unterrichte nur noch ein paar Stunden an meiner Stamm-Schule. Pfarrdienst Die Evang. Matth\u00e4usgemeinde in Backnang ist seit vielen Jahren meine Heimat. Neben meinem fr\u00fcheren Dienst als Pfarrer an der &hellip; <\/p>\n<p class=\"link-more\"><a href=\"https:\/\/achim-fuerniss.de\/index.php\/das-bin-ich\/beruflich\/\" class=\"more-link\"><span class=\"screen-reader-text\">\u201eBeruflich\u201c<\/span> weiterlesen<\/a><\/p>\n","protected":false},"author":3,"featured_media":0,"parent":70,"menu_order":1,"comment_status":"closed","ping_status":"closed","template":"","meta":{"footnotes":""},"class_list":["post-75","page","type-page","status-publish","hentry"],"_links":{"self":[{"href":"https:\/\/achim-fuerniss.de\/index.php\/wp-json\/wp\/v2\/pages\/75","targetHints":{"allow":["GET"]}}],"collection":[{"href":"https:\/\/achim-fuerniss.de\/index.php\/wp-json\/wp\/v2\/pages"}],"about":[{"href":"https:\/\/achim-fuerniss.de\/index.php\/wp-json\/wp\/v2\/types\/page"}],"author":[{"embeddable":true,"href":"https:\/\/achim-fuerniss.de\/index.php\/wp-json\/wp\/v2\/users\/3"}],"replies":[{"embeddable":true,"href":"https:\/\/achim-fuerniss.de\/index.php\/wp-json\/wp\/v2\/comments?post=75"}],"version-history":[{"count":5,"href":"https:\/\/achim-fuerniss.de\/index.php\/wp-json\/wp\/v2\/pages\/75\/revisions"}],"predecessor-version":[{"id":146,"href":"https:\/\/achim-fuerniss.de\/index.php\/wp-json\/wp\/v2\/pages\/75\/revisions\/146"}],"up":[{"embeddable":true,"href":"https:\/\/achim-fuerniss.de\/index.php\/wp-json\/wp\/v2\/pages\/70"}],"wp:attachment":[{"href":"https:\/\/achim-fuerniss.de\/index.php\/wp-json\/wp\/v2\/media?parent=75"}],"curies":[{"name":"wp","href":"https:\/\/api.w.org\/{rel}","templated":true}]}}

<h2 class="wp-block-heading">Religionsunterricht</h2>



<p class="wp-block-paragraph">Seit 2009 unterrichte ich am Berufschulzentrum Backnang Evangelische Religion, derzeit an folgenden Schulen und Schularten:</p>



<ul class="wp-block-list">
<li>Technisches Gymansium</li>



<li>Zweijährige Berufsfachschule</li>



<li>Berufsausbildung Metall und Farbe, KfZ und Nahrung</li>
</ul>



<ul class="wp-block-list">
<li>Wirtschaftsgymnasium</li>



<li>Berufskolleg (Kaufmännisch)</li>



<li>Berufsausbildung Verkauf und Büro</li>
</ul>



<p class="wp-block-paragraph">Seit dem Sommer 2024 bin ich jedoch im Ruhestand und unterrichte nur noch ein paar Stunden an meiner Stamm-Schule.</p>



<h2 class="wp-block-heading">Pfarrdienst</h2>



<figure class="wp-block-image size-full"><img loading="lazy" decoding="async" width="356" height="239" src="https://achim-fuerniss.de/wp-content/uploads/2024/11/osternacht.jpg" alt="" class="wp-image-27" title="" srcset="https://achim-fuerniss.de/wp-content/uploads/2024/11/osternacht.jpg 356w, https://achim-fuerniss.de/wp-content/uploads/2024/11/osternacht-300x201.jpg 300w" sizes="auto, (max-width: 356px) 100vw, 356px" /></figure>



<p class="wp-block-paragraph">Die Evang. Matthäusgemeinde in Backnang ist seit vielen Jahren meine Heimat. Neben meinem früheren Dienst als Pfarrer an der Matthäuskirche (1993 &#8211; 2009) fühlen wir uns auch als Familie der Gemeinde sehr verbunden. Das aktive und offene Gemeindeleben schätzen wir ebenso wie die Verbundenheit mit vielen Gemeindegliedern.&nbsp;</p>



<p class="wp-block-paragraph">Mehr über die Matthäusgemeinde erfahren Sie auf der <a href="file:///home/privat/Nextcloud/Einordnen/1_Achim/F%C3%BCrniss/external.html?link=http://www.matthaeuskirche.de/" target="_blank" rel="noreferrer noopener">&nbsp;</a><a href="https://www.matthaeuskirche.de/" target="_blank" rel="noreferrer noopener">Homepage der Matthäuskirche</a>.</p>



<h2 class="wp-block-heading">Öffentlichkeitsarbeit</h2>



<figure class="wp-block-image size-full"><img loading="lazy" decoding="async" width="375" height="212" src="https://achim-fuerniss.de/wp-content/uploads/2024/11/gep.jpg" alt="" class="wp-image-31" title="" srcset="https://achim-fuerniss.de/wp-content/uploads/2024/11/gep.jpg 375w, https://achim-fuerniss.de/wp-content/uploads/2024/11/gep-300x170.jpg 300w" sizes="auto, (max-width: 375px) 100vw, 375px" /></figure>



<p class="wp-block-paragraph">Von 2001 bis 2003 besuchte ich den 16. Kurs des Fernstudiengangs Öffentlichkeitsarbeit des Gemeinschaftswerkes für Evangelische Publizisitik (<a href="https://www.gep.de/" target="_blank" rel="noreferrer noopener"> GEP</a>) in Frankfurt. Der Kurs endete mit der staatlichen Anerkennung als Kommunikationswirt (GEP) und qualifizierte mich für die kirchliche Öffentlichkeitsarbeit.</p>



<h2 class="wp-block-heading">Agentur</h2>



<figure class="wp-block-image size-full"><img loading="lazy" decoding="async" width="200" height="192" src="https://achim-fuerniss.de/wp-content/uploads/2024/11/zehn5.jpg" alt="" class="wp-image-24" title=""/></figure>



<p class="wp-block-paragraph">Seit 2004 leite ich zusammen mit meinem Freund und Partner Günter Koschel die Agentur <a href="https://www.zehn5.de/" target="_blank" rel="noreferrer noopener">&nbsp;Zehn5</a>. Nebenberuflich und so wie es unsere Zeit erlaubt betreuen wir Kunden aus Kirche und Diakonie, Bildungseinrichtungen und kleinere Firmen, Privatmenschen oder Vereine. Dabei lag unser Schwerpunkt von Anfang an bei der Umsetzung von Internetauftritten, gelegentlich aber auch bei anderen Dienstleistungen der Öffentlichkeitsarbeit wie Printmedien, Anzeigen oder Begleitung von Kampagnen.</p>



<p class="wp-block-paragraph"></p>

<p>Religionsunterricht Seit 2009 unterrichte ich am Berufschulzentrum Backnang Evangelische Religion, derzeit an folgenden Schulen und Schularten: Seit dem Sommer 2024 bin ich jedoch im Ruhestand und unterrichte nur noch ein paar Stunden an meiner Stamm-Schule. Pfarrdienst Die Evang. Matthäusgemeinde in Backnang ist seit vielen Jahren meine Heimat. Neben meinem früheren Dienst als Pfarrer an der &hellip; </p>
<p class="link-more"><a href="https://achim-fuerniss.de/index.php/das-bin-ich/beruflich/" class="more-link"><span class="screen-reader-text">„Beruflich“</span> weiterlesen</a></p>
