{"id":77,"date":"2024-11-20T22:22:35","date_gmt":"2024-11-20T21:22:35","guid":{"rendered":"https:\/\/achim-fuerniss.de\/?page_id=77"},"modified":"2024-11-20T22:22:35","modified_gmt":"2024-11-20T21:22:35","slug":"publikationen","status":"publish","type":"page","link":"https:\/\/achim-fuerniss.de\/index.php\/publikationen\/","title":{"rendered":"Publikationen"},"content":{"rendered":"\n<h2 class=\"wp-block-heading\">Kaleidoskop-Journal<\/h2>\n\n\n\n<p class=\"wp-block-paragraph\">Das KaleidoSKOP ist f\u00fcr mich eine ganz besondere Herausforderung: ein eigenes Journal f\u00fcr Kirche, Gemeinde und Theologie. Grundstock dazu waren eigene Beitr\u00e4ge, Predigtreihen oder Vortr\u00e4ge von Kollegen aus dem Bezirk, die ich auf dieser Seite gesammelt habe. In den letzten Jahren ist die Arbeit etwas liegen geblieben. Aber demn\u00e4chst soll die Arbeit wieder weitergehen mit interessanten Artikeln aus eigener oder fremder Feder. Mehr dazu unter <a href=\"file:\/\/\/home\/privat\/Nextcloud\/Einordnen\/1_Achim\/F%C3%BCrniss\/external.html?link=http:\/\/www.kaleidoskop-journal.de\/\" target=\"_blank\" rel=\"noreferrer noopener\">&nbsp;www.kaleidoskop-journal.de&#8230;<\/a><\/p>\n\n\n\n\n\n<h2 class=\"wp-block-heading\">Archiport<\/h2>\n\n\n\n<p class=\"wp-block-paragraph\">Archiport ist meine private und nichtkommerzielle Sammlung von Architektur- und Kunstfotos aus allen Epochen der Stil- und Kunstgeschichte. Die Fotos stammen zum gr\u00f6\u00dften Teil aus meiner eigenen Fotosammlung und entstanden in vielen Jahren bei Reisen in Deutschland, Europa und rund ums Mittelmeer. Wo immer ich hinkomme aktualisiere ich meine Bilder durch neue Aufnahmen. Aber Europa ist gro\u00df und viele Orte besucht man eben nur einmal im Leben&#8230;.&nbsp;<a href=\"file:\/\/\/home\/privat\/Nextcloud\/Einordnen\/1_Achim\/F%C3%BCrniss\/external.html?link=http:\/\/archiport.de\/\" target=\"_blank\" rel=\"noreferrer noopener\">Archiport.de<\/a><\/p>\n\n\n\n\n\n<h2 class=\"wp-block-heading\">Cistercium<\/h2>\n\n\n\n<p class=\"wp-block-paragraph\">Ein Vergn\u00fcgen in eigener Sache: Cistercium.info &#8211; die Geschichte, Hintergr\u00fcnde und zahlreiche Bilder zu den Zisterziensern, denen ich schon viele Jahre meines Lebens nachsp\u00fcre. Aus dem Hobby Architektur-Fotografie erwuchs eine stattliche Sammlung an Fotos und Beschreibungen zu \u00fcber mehr als 60 Kl\u00f6stern in Deutschland, Frankreich, Spanien und Italien. Mehr dazu unter <a href=\"file:\/\/\/home\/privat\/Nextcloud\/Einordnen\/1_Achim\/F%C3%BCrniss\/external.html?link=http:\/\/www.cistercium.info\/\" target=\"_blank\" rel=\"noreferrer noopener\">&nbsp;www.cistercium.info&#8230;<\/a><\/p>\n","protected":false},"excerpt":{"rendered":"<p>Kaleidoskop-Journal Das KaleidoSKOP ist f\u00fcr mich eine ganz besondere Herausforderung: ein eigenes Journal f\u00fcr Kirche, Gemeinde und Theologie. Grundstock dazu waren eigene Beitr\u00e4ge, Predigtreihen oder Vortr\u00e4ge von Kollegen aus dem Bezirk, die ich auf dieser Seite gesammelt habe. In den letzten Jahren ist die Arbeit etwas liegen geblieben. Aber demn\u00e4chst soll die Arbeit wieder weitergehen &hellip; <\/p>\n<p class=\"link-more\"><a href=\"https:\/\/achim-fuerniss.de\/index.php\/publikationen\/\" class=\"more-link\"><span class=\"screen-reader-text\">\u201ePublikationen\u201c<\/span> weiterlesen<\/a><\/p>\n","protected":false},"author":3,"featured_media":0,"parent":0,"menu_order":3,"comment_status":"closed","ping_status":"closed","template":"","meta":{"footnotes":""},"class_list":["post-77","page","type-page","status-publish","hentry"],"_links":{"self":[{"href":"https:\/\/achim-fuerniss.de\/index.php\/wp-json\/wp\/v2\/pages\/77","targetHints":{"allow":["GET"]}}],"collection":[{"href":"https:\/\/achim-fuerniss.de\/index.php\/wp-json\/wp\/v2\/pages"}],"about":[{"href":"https:\/\/achim-fuerniss.de\/index.php\/wp-json\/wp\/v2\/types\/page"}],"author":[{"embeddable":true,"href":"https:\/\/achim-fuerniss.de\/index.php\/wp-json\/wp\/v2\/users\/3"}],"replies":[{"embeddable":true,"href":"https:\/\/achim-fuerniss.de\/index.php\/wp-json\/wp\/v2\/comments?post=77"}],"version-history":[{"count":2,"href":"https:\/\/achim-fuerniss.de\/index.php\/wp-json\/wp\/v2\/pages\/77\/revisions"}],"predecessor-version":[{"id":82,"href":"https:\/\/achim-fuerniss.de\/index.php\/wp-json\/wp\/v2\/pages\/77\/revisions\/82"}],"wp:attachment":[{"href":"https:\/\/achim-fuerniss.de\/index.php\/wp-json\/wp\/v2\/media?parent=77"}],"curies":[{"name":"wp","href":"https:\/\/api.w.org\/{rel}","templated":true}]}}

<h2 class="wp-block-heading">Kaleidoskop-Journal</h2>



<p class="wp-block-paragraph">Das KaleidoSKOP ist für mich eine ganz besondere Herausforderung: ein eigenes Journal für Kirche, Gemeinde und Theologie. Grundstock dazu waren eigene Beiträge, Predigtreihen oder Vorträge von Kollegen aus dem Bezirk, die ich auf dieser Seite gesammelt habe. In den letzten Jahren ist die Arbeit etwas liegen geblieben. Aber demnächst soll die Arbeit wieder weitergehen mit interessanten Artikeln aus eigener oder fremder Feder. Mehr dazu unter <a href="file:///home/privat/Nextcloud/Einordnen/1_Achim/F%C3%BCrniss/external.html?link=http://www.kaleidoskop-journal.de/" target="_blank" rel="noreferrer noopener">&nbsp;www.kaleidoskop-journal.de&#8230;</a></p>





<h2 class="wp-block-heading">Archiport</h2>



<p class="wp-block-paragraph">Archiport ist meine private und nichtkommerzielle Sammlung von Architektur- und Kunstfotos aus allen Epochen der Stil- und Kunstgeschichte. Die Fotos stammen zum größten Teil aus meiner eigenen Fotosammlung und entstanden in vielen Jahren bei Reisen in Deutschland, Europa und rund ums Mittelmeer. Wo immer ich hinkomme aktualisiere ich meine Bilder durch neue Aufnahmen. Aber Europa ist groß und viele Orte besucht man eben nur einmal im Leben&#8230;.&nbsp;<a href="file:///home/privat/Nextcloud/Einordnen/1_Achim/F%C3%BCrniss/external.html?link=http://archiport.de/" target="_blank" rel="noreferrer noopener">Archiport.de</a></p>





<h2 class="wp-block-heading">Cistercium</h2>



<p class="wp-block-paragraph">Ein Vergnügen in eigener Sache: Cistercium.info &#8211; die Geschichte, Hintergründe und zahlreiche Bilder zu den Zisterziensern, denen ich schon viele Jahre meines Lebens nachspüre. Aus dem Hobby Architektur-Fotografie erwuchs eine stattliche Sammlung an Fotos und Beschreibungen zu über mehr als 60 Klöstern in Deutschland, Frankreich, Spanien und Italien. Mehr dazu unter <a href="file:///home/privat/Nextcloud/Einordnen/1_Achim/F%C3%BCrniss/external.html?link=http://www.cistercium.info/" target="_blank" rel="noreferrer noopener">&nbsp;www.cistercium.info&#8230;</a></p>

<p>Kaleidoskop-Journal Das KaleidoSKOP ist für mich eine ganz besondere Herausforderung: ein eigenes Journal für Kirche, Gemeinde und Theologie. Grundstock dazu waren eigene Beiträge, Predigtreihen oder Vorträge von Kollegen aus dem Bezirk, die ich auf dieser Seite gesammelt habe. In den letzten Jahren ist die Arbeit etwas liegen geblieben. Aber demnächst soll die Arbeit wieder weitergehen &hellip; </p>
<p class="link-more"><a href="https://achim-fuerniss.de/index.php/publikationen/" class="more-link"><span class="screen-reader-text">„Publikationen“</span> weiterlesen</a></p>
